
False
Suppose -191 = -2*y + y. Is y composite?
False
Suppose s - 5 = -4*g + 2*s, 5 = -3*g - s. Suppose o - 181 + 54 = g. Is o prime?
True
Suppose 3*k + 2*r = 353, 127 = k - 4*r - 0*r. Is k composite?
True
Suppose -2*v - 2 = -3*v, -5*v = 2*z - 376. Is z a prime number?
False
Let v(x) = 2*x + 14. Let o be v(-6). Is ((-15)/9)/(o/(-186)) a prime number?
False
Suppose -11*h = -48409 + 16146. Is h a prime number?
False
Is ((-6693)/(-6))/(9/6 - 1) a composite number?
True
Let j(y) = -y**3 - 2*y**2 - 8*y - 7. Suppose 0 = -4*m + 3*d - 32, 0 = 4*m - 5*d + 23 + 17. Let n be j(m). Let f = n - -5. Is f a prime number?
True
Let c = -5202 - -7723. Is c a composite number?
False
Let r(n) = -3*n**2 - 6*n + 1. Let l(m) = -4*m**2 - 7*m + 1. Suppose 5*w = 4*w + 4. Let s(d) = w*l(d) - 6*r(d). Is s(-6) a prime number?
False
Suppose 0 = 2*y - 53 + 13. Suppose 2*z - q - y - 12 = 0, -4*q - 74 = -5*z. Is 3/z - 1018/(-12) a prime number?
False
Let n = -824 - -3987. Is n a composite number?
False
Suppose -5 - 1 = -2*u. Suppose -2*g = -u*z + 25, 2*z - 15 = z - g. Is -1 + (-2 + z)*4 composite?
True
Let z be (-2 + 0)/(8/(-16)). Suppose -87 = -4*j - 2*i + 57, 2*j = 4*i + 92. Is (-6)/(-3)*j/z composite?
False
Let p(m) = m**3 + 8*m**2 + 5*m - 4. Let w = 5 + -5. Suppose -c + 0*c - 7 = w. Is p(c) prime?
False
Let h be 2/4*(-1 + -3). Let v(j) be the third derivative of 17*j**5/60 + j**4/8 + j**3/2 + 20*j**2. Is v(h) prime?
False
Suppose 4*f = 2*y + 36, 2*y + f + 41 + 0 = 0. Is (-615)/y + (-1)/(-4) prime?
True
Is 4 + (12/(-3) - -853) a prime number?
True
Let n = -9 + 12. Suppose 0 = n*o + 384 - 1377. Is o prime?
True
Let s(h) = -11*h - 4. Let c be (2/3)/((-4)/18). Let n be s(c). Suppose -m - o + n = 0, -o = 4*m - 2*o - 126. Is m a prime number?
True
Let z be 1/(1/3) - -1. Suppose z*o - 229 = 175. Suppose -4*c = r - o, -4*c + 84 = -4*r - 32. Is c a composite number?
True
Suppose 0 = -3*m - m - 28. Let n = 30 + m. Is n composite?
False
Let b(y) = 1 + 4*y - 5*y + 0*y**2 + y**2 + 24*y**3. Let z be b(2). Suppose -j + z = 2*j. Is j a prime number?
False
Let t(w) = 36*w**2 + w - 2. Suppose -6*j + 3*j = 9. Is t(j) prime?
False
Let p be 1/(-2)*-10 + -1. Let a(j) = -25*j - 4. Let u(n) = -350*n - 55. Let d(l) = p*u(l) - 55*a(l). Is d(-1) a composite number?
True
Let d(x) be the third derivative of x**5/30 - x**4/24 - x**3/3 + x**2. Suppose 6*z - 4*z = 8. Is d(z) a prime number?
False
Let o = -8 + 13. Suppose -50 = j - 3*j - 4*x, -2*j = -5*x - o. Is j a prime number?
False
Let p(v) = 3*v - 5*v**2 - 9 - v**3 + v + 2*v. Suppose 5*i + 34 = -1. Is p(i) composite?
False
Let q = 1 - 1. Let b = q - -31. Suppose 4*z = 25 + b. Is z a prime number?
False
Suppose 4*x - 5*x + 3*k + 49 = 0, 0 = 2*x + 3*k - 116. Is x a prime number?
False
Let x be (-6)/(-9) + 182/6. Let o = x + -22. Let s = o - 3. Is s composite?
True
Suppose 5*d - 9366 = -d. Is d composite?
True
Let v(p) = -p**3 - 11*p**2 - 6*p + 13. Is v(-11) composite?
False
Let v(u) = -8*u**2 - 4*u - 5. Suppose 55 = -0*i + 5*i. Let r(o) = -23*o**2 - 12*o - 15. Let q(h) = i*v(h) - 4*r(h). Is q(-4) composite?
False
Let y = 19 + -21. Is (8 - 13)/(y/6) composite?
True
Let u(i) = 3*i**3 + i**2 - 10*i + 1. Let n(v) = 7*v**3 + v**2 - 21*v + 3. Let p(a) = 4*n(a) - 9*u(a). Is p(5) a prime number?
False
Let y be (1 + 0)/(0 - 1). Is y/(-2) - (-146)/4 prime?
True
Let j be ((-1 - 0)*0)/2. Is (j + -1 + -2)*-7 composite?
True
Let g(w) = -34*w + 1. Let y(z) = -34*z. Let m(u) = -5*g(u) + 6*y(u). Is m(-4) a composite number?
False
Let g be 2 + -1 - 4 - -279. Suppose o + 3*o = 1996. Let a = o - g. Is a prime?
True
Suppose 2*o - 21 = -o. Suppose -4*y + 25 + o = 0. Suppose -y*b + 260 = -4*b. Is b composite?
True
Suppose -6 = 4*a - 22. Let l(p) = 3*p - 2. Let w be l(a). Suppose -w = -z + 13. Is z composite?
False
Let y(w) = 4*w**2 + w. Let n be y(1). Suppose h + x = 39, 2*h - 122 = -n*x - 44. Is h a composite number?
True
Suppose 41 + 228 = 3*f - 4*u, -2 = -2*u. Is f + (-3)/(-1) - -3 a prime number?
True
Let j(o) = o**2 - 4*o + 6. Let f be j(4). Suppose w - f*w + 5*i + 50 = 0, 0 = w - 4*i + 2. Is w a composite number?
True
Let n(l) = -16*l + 3. Let m be (-4)/(-22) - (-35)/(-11). Is n(m) a composite number?
True
Let u be ((-4)/3)/(8/(-12)). Let g(q) = 106*q - 3. Let j be g(u). Suppose -5*l = 4*z - 364, -2*z - 2*l = -j + 27. Is z a composite number?
True
Let f(s) be the second derivative of 5*s**4/12 + 7*s**3/6 - 5*s**2/2 + 6*s. Is f(-7) a prime number?
True
Suppose -84 = -5*c + 21. Is c composite?
True
Is (771/6)/((-1)/(-2)) a prime number?
True
Let m = 259 + -72. Suppose m = 4*f - 77. Let o = -29 + f. Is o a prime number?
True
Let o(p) = p + 6. Let q be o(-4). Suppose 157 = 2*b + x, -q*x + 77 = -b + 2*b. Is b a composite number?
False
Let n(r) = -179*r**3 - 3*r**2 + 15*r**2 + 180*r**3 + 10*r + 15. Is n(-10) a composite number?
True
Suppose -14*u + 4081 = -3*u. Is u composite?
True
Let g be (48/2)/(9/876). Let y be g/(-22) + 4/22. Let d = y - -195. Is d a prime number?
True
Suppose 5550 = 9*a + 681. Is a composite?
False
Suppose a - 8 = -4*q, -2*q - 16 - 2 = -5*a. Let m(t) = 50*t**2 + 2*t + 7. Is m(a) composite?
True
Let w = -475 - -792. Is w a composite number?
False
Let n be (-64)/(-40) - (-4)/10. Suppose 1885 = n*p + 3*p. Is p a composite number?
True
Let v(o) be the third derivative of 17*o**4/24 + 3*o**3/2 - 3*o**2. Is v(6) a composite number?
True
Let r(d) = -64*d + 17. Is r(-16) composite?
True
Let w(k) = 2*k**3 + 4*k**2 - 6*k - 3 + 4 - 4 + 0. Let b be w(-4). Let x = 0 - b. Is x a composite number?
False
Suppose 2*x - 2*o - 20 = 0, 0 = -4*x - 0*x + 3*o + 45. Is x prime?
False
Let q(j) = -2*j**3 + 3*j**2 - 2*j - 5. Is q(-4) prime?
True
Suppose 4*i + 2 = -2, 3*b + i = 260. Suppose u + b = 2*u. Is u a composite number?
True
Suppose 2*g + 2 = g, -2*g = q + 5. Is (-4224)/(8/(-2)) + q prime?
False
Suppose -2*s - 6*p = -3*p - 63, -25 = 5*p. Let m(q) = -4*q**2 + 3*q + 3. Let u be m(3). Let x = u + s. Is x a composite number?
True
Suppose 25 = 3*i - 191. Let k be i/7 + 10/(-35). Suppose 2*g - 63 = -5*q, g - k - 14 = -q. Is g a composite number?
False
Let x be 2774/7 + (-4)/14. Suppose 2*d = -4*r + x, 2*d - 3*r - 134 - 248 = 0. Suppose -v + d = v. Is v composite?
False
Suppose -3*w + 5 = -4*w. Let v be 3/6 - w/(-2). Is (652/v)/((-12)/6) a prime number?
True
Suppose 3*m = 3*p - 2*m - 514, -2*p + 316 = 2*m. Is p composite?
False
Suppose b - 1 = -0*b. Let y be -2*(b + 1/(-2)). Is 19 - -2 - (y + -1) a composite number?
False
Let v be (-591)/(-6) - (-9)/6. Let d = -33 + v. Is d a composite number?
False
Suppose -2*g - h + 0*h + 1359 = 0, -3*g - 4*h = -2031. Is g prime?
False
Suppose -11 = 2*j - 3*j. Let y = 15 - j. Suppose -z + 18 = 2*i, -2*z + 44 = y*i + 2*z. Is i a prime number?
True
Suppose 7*q - 3*q - 72 = 0. Suppose f + 18 = -5*i + 2*i, f - q = 3*i. Is (435/i)/(1/(-2)) prime?
False
Suppose 0 = -3*j + j + 178. Let m = -20 + j. Is m a composite number?
True
Suppose -3 = -l - 1. Suppose -706 = -4*v + l*v. Is v prime?
True
Let y(g) be the second derivative of -5*g**3/6 - g**2/2 + g. Let q be y(6). Is (-4)/(-22) - q/11 a prime number?
True
Let h be ((-612)/(-14))/(7/49). Is (-1)/(h/154 - 2) composite?
True
Let r be 150/35 + 6/(-21). Suppose 0 = r*y - 367 + 135. Is y composite?
True
Suppose 2*u - 2*d = -3*d + 205, 4*u = -4*d + 408. Is u a composite number?
False
Let h = -5 + 5. Suppose h = -3*c + 353 - 20. Is c composite?
True
Let l be 8/20 + 4/(-10). Is 16 + (l - 0) - 3 a prime number?
True
Suppose 3*z = 2*j - 19, -5*j = -0*j + 2*z - 19. Suppose 0 = 5*f - 2*f + 3*g + 3, 9 = -3*f - j*g. Suppose -f*u + 5*u = 267. Is u composite?
False
Suppose 4*k - 2*b = 92, -5*k + 93 = b + 2*b. Suppose -3*c = -0*c - k. Is c prime?
True
Suppose 133 - 1508 = -5*q. Suppose 15 = 5*a - q. Is a a prime number?
False
Let c(w) = w**3 - 12*w**2 + 12*w - 9. Let q be c(11). Suppose 10 + 424 = q*j. Is j a composite number?
True
Let m = -1597 + 3271. Suppose -2*b - m = -4*k, 5*k - k - b = 1679. Suppose 5*o + 26 = k. Is o prime?
True
Let a = 390 - 269. Is a a prime number?
False
Is 2 + 143 + -4 + 2 a composite number?
True
Let k(a) = -1258*a + 1. Is k(-1) a prime number?
True
Suppose -3*v - 684 = -4*x, -3*x + 2*x - v = -171. Is ((-4)/6)/((-3)/x) a composite number?
True
Let r = -94 - -159. Is r prime?
False
